{"id":39,"date":"2021-03-18T20:09:26","date_gmt":"2021-03-18T20:09:26","guid":{"rendered":"http:\/\/europia.org\/cide22\/?page_id=39"},"modified":"2021-03-28T13:17:37","modified_gmt":"2021-03-28T13:17:37","slug":"comites-de-cide-22","status":"publish","type":"page","link":"http:\/\/europia.org\/cide22\/comites-de-cide-22\/","title":{"rendered":"Comit\u00e9s de CiDE.22"},"content":{"rendered":"\n<p><strong>Co-Pr\u00e9sidence de la conf\u00e9rence CIDE.22<\/strong><\/p>\n\n\n\n<ul><li><strong>Co-Pr\u00e9sidence du colloque CIDE.2<\/strong><ul><li>Ghislaine CHARTRON, CNAM Paris<\/li><li>Madjid IHADJADENE, Universit\u00e9 Paris 8 (France)<\/li><li>Evelyne BROUDOUX, CNAM Paris<\/li><\/ul><\/li><\/ul>\n\n\n\n<ul><li><strong>Comit\u00e9 du Programme CiDE.22<\/strong> (en cours)<ul><li>B\u00e9atrice Arruabarrena, Cnam (Paris)<\/li><li>Ahmed BACHR, ESI (Maroc)<\/li><li>Cherifa Boukacem, Elico, (Universit\u00e9 de Lyon)<\/li><li>Joumana Boustany, Cnam  (Universit\u00e9 Gustave\u00a0Eiffel)<\/li><li>\u00c9velyne Broudoux, Cnam (Paris)<\/li><li>France Bouthillier, McGill (Canada)<\/li><li>Agnes Caron, EBD (Paris)<\/li><li>Gonzague Chastenet de G\u00e9ry (Ourouk)<\/li><li>Ghislaine Chartron, Cnam (Paris)<\/li><li>St\u00e9phane Chaudiron, Geriico, (Universit\u00e9 de Lille)<\/li><li>Viviane Clavier, Gresec (Universit\u00e9 de Grenoble Alpes)<\/li><li>Anne Cordier (Universit\u00e9 de Rouen)<\/li><li>Dufour-Coppolani Danielle (pr\u00e9sidente de l&rsquo;Adbs)<\/li><li>Viviane Couzinet,  Lerass  (Universit\u00e9 de Toulouse 3)<\/li><li>Hans Dillaerts (Universit\u00e9 Paul Val\u00e9ry Montpellier 3)<\/li><li>Benoit Epron , HEG ( Suisse)<\/li><li>Laurence Favier, Geriico, (Universit\u00e9 de Lille)<\/li><li>Raja Fenniche, Universit\u00e9 de la Manouba, Tunisie<\/li><li>Antonietta Folino (Universit\u00e9 de Calabre, Italie)<\/li><li>C\u00e9cile Gardies (UMR EFTS, Toulouse)<\/li><li>St\u00e9phane Goria, CREM,  (Universit\u00e9 de Lorraine)<\/li><li>Madjid Ihadjadene (Universit\u00e9 Paris 8)<\/li><\/ul><ul><li>Sylvie Leleu-Merviel, DeVisu (Universit\u00e9 Polytechnique Hauts-de-France)<\/li><li>Vincent Liquete (Universit\u00e9 de Bordeaux)<\/li><li>Basma\u00a0\u00a0Makhlouf\u00a0\u00a0Shabou, Hesge  (Suisse)<\/li><li>Dominique Maurel, EBSI (Montr\u00e9al)<\/li><li>Yves Marcoux, Ebsi (Canada)<\/li><li>H\u00e9l\u00e8ne M\u00e9nard, MCGill University ( Canada)<\/li><li>Widad Mustafa Elhadi, Geriico, \u00a0(Universit\u00e9 de Lille)<\/li><li>Ahmeth NDIAYE\u00a0, EBAD (S\u00e9n\u00e9gal)<\/li><li>C\u00e9line Paganelli (Universit\u00e9 Paul Val\u00e9ry Montpellier 3)<\/li><li>Nathalie Pin\u00e8de (Universit\u00e9 de Bordeaux)<\/li><li>Pascal Robert, Enssib (Villeurbanne)<\/li><li>Ioan Roxin (Universit\u00e9 de Bourgogne Franche Comt\u00e9)<\/li><li>Florence Thiault (Universit\u00e9 de Haute Bretagne)<\/li><li>Lise Verlaet (Universit\u00e9 Paul Val\u00e9ry Montpellier 3)<\/li><li>Khaldoun Zreik (Universit\u00e9 de Paris 8)<\/li><\/ul><\/li><\/ul>\n\n\n\n<ul><li><strong>Comit\u00e9 permanent des colloques CiDE<\/strong><ul><li>Ghislaine Az\u00e9mard, Universit\u00e9 Paris 8 (France)<\/li><li>Jean Caelen, CLIPS-IMAG, Grenoble (France)<\/li><li>St\u00e9phane Chaudiron, Universit\u00e9 de Lille (France)<\/li><li>Jacques Ducloy, DRRT Lorraine (France)<\/li><li>Patrice Enjalbert, Universit\u00e9 de Caen (France)<\/li><li>Mauro Gaio, Universit\u00e9 de Pau (France)<\/li><li>Jo\u00ebl Gardes, Orange (France)<\/li><li>Malek Ghenima, ESC Tunis, Universit\u00e9 de la Manouba (Tunisie)<\/li><li>Jean-Luc Hainaut, Universit\u00e9 de Namur (Belgique)<\/li><li>Mohamed Hassoun, ENSSIB (France)<\/li><li>Maryvonne Holzem, Universit\u00e9 de Rouen (France)<\/li><li>Madjid Ihadjadene, Universit\u00e9 Paris 8 (France)<\/li><li>Bernard Jacquemin, GERiiCO, Universit\u00e9 de Lille (France)<\/li><li>Ioannis Kanellos, Telecom-Bretagne (France)<\/li><li>Peter King, Universit\u00e9 de Manitoba (Canada)<\/li><li>Jacques Labiche, Universit\u00e9 de Rouen (France)<\/li><li>Omar Larouk, ENSSIB (France)<\/li><li>Abderrazak Mkadmi, Universit\u00e9 de la Manouba (Tunisie)<\/li><li>Mustapha Mojahid, Universit\u00e9 de Toulouse Le Mirail (France)<\/li><li>Ghassan Mourad, Universit\u00e9 Libanaise (Liban)<\/li><li>C\u00e9line Paganelli, Univ.Paul-Val\u00e9ry, Montpellier 3 (France)<\/li><li>Giovanni de Paoli, Universit\u00e9 de Montr\u00e9al (Canada)<\/li><li>Mahammed Ramdani, Universit\u00e9 Mohamed V (Maroc)<\/li><li>Jean-Pierre Raysz, Jouve (France)<\/li><li>Jean-Marc Robert, \u00c9cole Polytechnique \u2013 Universit\u00e9 de Montr\u00e9al (Canada)<\/li><\/ul><ul><li>Maurice Szmurlo, Orange (France)<\/li><li>Lo\u00efc Thomazo, Orange (France)<\/li><\/ul><ul><li>Christophe Turbout, Universit\u00e9 de Caen (France)<\/li><li>Jacques Virbel, Universit\u00e9 de Toulouse Le Mirail (France)<\/li><li>Jean Vivier, Universit\u00e9 de Caen (France)<\/li><li>Christine Vanoirbeek, EPFL (Suisse)<\/li><li>Manuel Zacklad, CNAM-Paris (France)<\/li><li>Khaldoun Zreik, Universit\u00e9 Paris8 (France) (coordinateur)<\/li><\/ul><\/li><\/ul>\n\n\n\n<p><\/p>\n","protected":false},"excerpt":{"rendered":"<p>Co-Pr\u00e9sidence de la conf\u00e9rence CIDE.22 Co-Pr\u00e9sidence du colloque CIDE.2 Ghislaine CHARTRON, CNAM Paris Madjid IHADJADENE, Universit\u00e9 Paris 8 (France) Evelyne BROUDOUX, CNAM Paris Comit\u00e9 du Programme CiDE.22 (en cours) B\u00e9atrice Arruabarrena, Cnam (Paris) Ahmed BACHR, ESI (Maroc) Cherifa Boukacem, Elico, &hellip; <a href=\"http:\/\/europia.org\/cide22\/comites-de-cide-22\/\">Continuer la lecture <span class=\"meta-nav\">&rarr;<\/span><\/a><\/p>\n","protected":false},"author":1,"featured_media":0,"parent":0,"menu_order":0,"comment_status":"closed","ping_status":"closed","template":"","meta":[],"_links":{"self":[{"href":"http:\/\/europia.org\/cide22\/wp-json\/wp\/v2\/pages\/39"}],"collection":[{"href":"http:\/\/europia.org\/cide22\/wp-json\/wp\/v2\/pages"}],"about":[{"href":"http:\/\/europia.org\/cide22\/wp-json\/wp\/v2\/types\/page"}],"author":[{"embeddable":true,"href":"http:\/\/europia.org\/cide22\/wp-json\/wp\/v2\/users\/1"}],"replies":[{"embeddable":true,"href":"http:\/\/europia.org\/cide22\/wp-json\/wp\/v2\/comments?post=39"}],"version-history":[{"count":5,"href":"http:\/\/europia.org\/cide22\/wp-json\/wp\/v2\/pages\/39\/revisions"}],"predecessor-version":[{"id":160,"href":"http:\/\/europia.org\/cide22\/wp-json\/wp\/v2\/pages\/39\/revisions\/160"}],"wp:attachment":[{"href":"http:\/\/europia.org\/cide22\/wp-json\/wp\/v2\/media?parent=39"}],"curies":[{"name":"wp","href":"https:\/\/api.w.org\/{rel}","templated":true}]}}

Comités de CiDE.22

<p><strong>Co-Présidence de la conférence CIDE.22</strong></p>



<ul><li><strong>Co-Présidence du colloque CIDE.2</strong><ul><li>Ghislaine CHARTRON, CNAM Paris</li><li>Madjid IHADJADENE, Université Paris 8 (France)</li><li>Evelyne BROUDOUX, CNAM Paris</li></ul></li></ul>



<ul><li><strong>Comité du Programme CiDE.22</strong> (en cours)<ul><li>Béatrice Arruabarrena, Cnam (Paris)</li><li>Ahmed BACHR, ESI (Maroc)</li><li>Cherifa Boukacem, Elico, (Université de Lyon)</li><li>Joumana Boustany, Cnam  (Université Gustave Eiffel)</li><li>Évelyne Broudoux, Cnam (Paris)</li><li>France Bouthillier, McGill (Canada)</li><li>Agnes Caron, EBD (Paris)</li><li>Gonzague Chastenet de Géry (Ourouk)</li><li>Ghislaine Chartron, Cnam (Paris)</li><li>Stéphane Chaudiron, Geriico, (Université de Lille)</li><li>Viviane Clavier, Gresec (Université de Grenoble Alpes)</li><li>Anne Cordier (Université de Rouen)</li><li>Dufour-Coppolani Danielle (présidente de l&rsquo;Adbs)</li><li>Viviane Couzinet,  Lerass  (Université de Toulouse 3)</li><li>Hans Dillaerts (Université Paul Valéry Montpellier 3)</li><li>Benoit Epron , HEG ( Suisse)</li><li>Laurence Favier, Geriico, (Université de Lille)</li><li>Raja Fenniche, Université de la Manouba, Tunisie</li><li>Antonietta Folino (Université de Calabre, Italie)</li><li>Cécile Gardies (UMR EFTS, Toulouse)</li><li>Stéphane Goria, CREM,  (Université de Lorraine)</li><li>Madjid Ihadjadene (Université Paris 8)</li></ul><ul><li>Sylvie Leleu-Merviel, DeVisu (Université Polytechnique Hauts-de-France)</li><li>Vincent Liquete (Université de Bordeaux)</li><li>Basma  Makhlouf  Shabou, Hesge  (Suisse)</li><li>Dominique Maurel, EBSI (Montréal)</li><li>Yves Marcoux, Ebsi (Canada)</li><li>Hélène Ménard, MCGill University ( Canada)</li><li>Widad Mustafa Elhadi, Geriico,  (Université de Lille)</li><li>Ahmeth NDIAYE , EBAD (Sénégal)</li><li>Céline Paganelli (Université Paul Valéry Montpellier 3)</li><li>Nathalie Pinède (Université de Bordeaux)</li><li>Pascal Robert, Enssib (Villeurbanne)</li><li>Ioan Roxin (Université de Bourgogne Franche Comté)</li><li>Florence Thiault (Université de Haute Bretagne)</li><li>Lise Verlaet (Université Paul Valéry Montpellier 3)</li><li>Khaldoun Zreik (Université de Paris 8)</li></ul></li></ul>



<ul><li><strong>Comité permanent des colloques CiDE</strong><ul><li>Ghislaine Azémard, Université Paris 8 (France)</li><li>Jean Caelen, CLIPS-IMAG, Grenoble (France)</li><li>Stéphane Chaudiron, Université de Lille (France)</li><li>Jacques Ducloy, DRRT Lorraine (France)</li><li>Patrice Enjalbert, Université de Caen (France)</li><li>Mauro Gaio, Université de Pau (France)</li><li>Joël Gardes, Orange (France)</li><li>Malek Ghenima, ESC Tunis, Université de la Manouba (Tunisie)</li><li>Jean-Luc Hainaut, Université de Namur (Belgique)</li><li>Mohamed Hassoun, ENSSIB (France)</li><li>Maryvonne Holzem, Université de Rouen (France)</li><li>Madjid Ihadjadene, Université Paris 8 (France)</li><li>Bernard Jacquemin, GERiiCO, Université de Lille (France)</li><li>Ioannis Kanellos, Telecom-Bretagne (France)</li><li>Peter King, Université de Manitoba (Canada)</li><li>Jacques Labiche, Université de Rouen (France)</li><li>Omar Larouk, ENSSIB (France)</li><li>Abderrazak Mkadmi, Université de la Manouba (Tunisie)</li><li>Mustapha Mojahid, Université de Toulouse Le Mirail (France)</li><li>Ghassan Mourad, Université Libanaise (Liban)</li><li>Céline Paganelli, Univ.Paul-Valéry, Montpellier 3 (France)</li><li>Giovanni de Paoli, Université de Montréal (Canada)</li><li>Mahammed Ramdani, Université Mohamed V (Maroc)</li><li>Jean-Pierre Raysz, Jouve (France)</li><li>Jean-Marc Robert, École Polytechnique – Université de Montréal (Canada)</li></ul><ul><li>Maurice Szmurlo, Orange (France)</li><li>Loïc Thomazo, Orange (France)</li></ul><ul><li>Christophe Turbout, Université de Caen (France)</li><li>Jacques Virbel, Université de Toulouse Le Mirail (France)</li><li>Jean Vivier, Université de Caen (France)</li><li>Christine Vanoirbeek, EPFL (Suisse)</li><li>Manuel Zacklad, CNAM-Paris (France)</li><li>Khaldoun Zreik, Université Paris8 (France) (coordinateur)</li></ul></li></ul>



<p></p>

<p>Co-Présidence de la conférence CIDE.22 Co-Présidence du colloque CIDE.2 Ghislaine CHARTRON, CNAM Paris Madjid IHADJADENE, Université Paris 8 (France) Evelyne BROUDOUX, CNAM Paris Comité du Programme CiDE.22 (en cours) Béatrice Arruabarrena, Cnam (Paris) Ahmed BACHR, ESI (Maroc) Cherifa Boukacem, Elico, &hellip; <a href="http://europia.org/cide22/comites-de-cide-22/">Continuer la lecture <span class="meta-nav">&rarr;</span></a></p>
